 of 345 and 1263?
3
Calculate the greatest common divisor of 8090 and 50.
10
Calculate the highest common factor of 403 and 1170.
13
What is the highest common divisor of 2109 and 11544?
111
Calculate the greatest common divisor of 105 and 84375.
15
Calculate the highest common factor of 22033 and 927389.
2003
Calculate the highest common factor of 80806 and 66.
22
What is the highest common divisor of 6848 and 12352?
64
What is the highest common factor of 480 and 95280?
240
Calculate the highest common factor of 2676 and 88.
4
What is the highest common divisor of 38703 and 5985?
399
What is the greatest common factor of 100 and 2020?
20
What is the highest common factor of 9820 and 270?
10
Calculate the highest common divisor of 899 and 9486.
31
Calculate the highest common factor of 18 and 10305.
9
What is the greatest common divisor of 105 and 805000?
35
Calculate the highest common divisor of 235846 and 2538.
94
Calculate the greatest common factor of 71418 and 261.
3
What is the highest common divisor of 1884 and 13816?
628
Calculate the highest common divisor of 1344275 and 425.
425
What is the greatest common divisor of 13398 and 45066?
1218
What is the highest common factor of 210882 and 168?
42
What is the highest common divisor of 84 and 3584?
28
What is the highest common factor of 4531 and 61070?
197
What is the greatest common divisor of 4122 and 9162?
18
What is the highest common factor of 30959 and 166?
83
Calculate the highest common divisor of 80 and 138416.
16
Calculate the greatest common divisor of 20400 and 3480.
120
What is the greatest common factor of 507 and 29237?
169
Calculate the highest common divisor of 2105 and 214289.
421
What is the highest common divisor of 6251 and 2261?
133
Calculate the highest common divisor of 1853 and 2071.
109
Calculate the greatest common factor of 146 and 132349.
73
What is the highest common factor of 37240 and 546?
14
Calculate the greatest common divisor of 4 and 11434.
2
What is the highest common factor of 131573 and 26?
13
What is the highest common divisor of 3081 and 102147?
237
What is the highest common factor of 116 and 61248?
116
Calculate the highest common factor of 305 and 130357.
61
What is the greatest common divisor of 1174800 and 2112?
528
Calculate the highest common factor of 24682 and 430.
86
What is the greatest common factor of 1456 and 1008?
112
What is the highest common divisor of 675 and 7830?
135
What is the highest common factor of 88 and 305272?
88
Calculate the highest common factor of 1112 and 34.
2
What is the highest common factor of 164 and 17844?
4
What is the highest common factor of 7855 and 15?
5
Calculate the greatest common divisor of 1648 and 50608.
16
Calculate the highest common factor of 8 and 1487.
1
Calculate the highest common divisor of 228 and 4776.
12
What is the highest common factor of 179 and 61397?
179
What is the greatest common divisor of 190 and 49495?
95
Calculate the highest common divisor of 110169 and 45.
9
What is the greatest common factor of 27664 and 36784?
304
What is the greatest common factor of 21252 and 726?
66
Calculate the highest common factor of 890 and 76985.
445
Calculate the highest common factor of 2574 and 1747317.
429
Calculate the highest common factor of 648 and 5256.
72
What is the highest common divisor of 1076 and 52993?
269
What is the highest common divisor of 91 and 356122?
13
Calculate the greatest common divisor of 456 and 944604.
228
What is the highest common factor of 57482 and 328?
82
Calculate the greatest common factor of 840 and 28320.
120
Calculate the greatest common divisor of 1905 and 1243965.
1905
What is the greatest common divisor of 24280 and 100?
20
What is the highest common divisor of 63 and 6704271?
63
What is the highest common factor of 84 and 4557?
21
Calculate the greatest common divisor of 1900 and 49780.
380
What is the highest common divisor of 28 and 749?
7
Calculate the greatest common factor of 590340 and 5.
5
Calculate the greatest common divisor of 652800 and 2244.
204
What is the greatest common divisor of 1559 and 2?
1
What is the greatest common factor of 264 and 246114?
66
What is the greatest common factor of 12260 and 60687?
613
Calculate the greatest common divisor of 23 and 72128.
23
What is the greatest common divisor of 132 and 192288?
12
Calculate the greatest common factor of 36 and 187140.
12
Calculate the highest common divisor of 7229107 and 713.
713
What is the greatest common factor of 114 and 1073082?
114
Calculate the highest common factor of 76 and 14116.
4
Calculate the highest common divisor of 470 and 206.
2
What is the greatest common factor of 166 and 267758?
166
What is the greatest common divisor of 79340 and 70?
10
What is the greatest common divisor of 4770 and 198000?
90
Calculate the greatest common factor of 2621679 and 834.
417
Calculate the greatest common factor of 25149 and 51709.
83
Calculate the greatest common divisor of 42744 and 384.
24
What is the greatest common divisor of 975125 and 269?
269
Calculate the greatest common divisor of 440701 and 730.
73
Calculate the highest common factor of 37682 and 2043.
227
Calculate the greatest common factor of 50 and 995490.
10
Calculate the highest common divisor of 114757 and 3.
1
What is the greatest common divisor of 161700 and 450?
150
What is the greatest common factor of 7381880 and 570?
190
What is the highest common divisor of 9350 and 356150?
850
What is the highest common divisor of 3530 and 138729?
353
What is the highest common divisor of 22 and 1618?
2
What is the greatest common divisor of 17 and 981767?
17
Calculate the highest common factor of 393 and 1803.
3
Calculate the highest common factor of 417 and 118706.
139
Calculate the greatest common factor of 40779 and 3933.
207
What is the greatest common factor of 204 and 2839?
17
Calculate the highest common divisor of 140871 and 12.
3
Calculate the highest common factor of 12 and 3789.
3
Calculate the highest common factor of 204 and 66487.
17
Calculate the greatest common factor of 34 and 52.
2
What is the greatest common factor of 69316 and 16211?
559
Calculate the greatest common factor of 182197 and 13092.
1091
Calculate the greatest common factor of 61731 and 54.
9
Calculate the greatest common factor of 384 and 19848.
24
Calculate the highest common divisor of 36 and 263430.
18
What is the highest common factor of 348 and 3277?
29
Calculate the greatest common divisor of 116800 and 1200.
400
Calculate the highest common factor of 32013 and 9.
9
What is the highest common factor of 7232 and 1536?
64
Calculate the highest common factor of 937970 and 110.
110
What is the highest common divisor of 682 and 484?
22
What is the greatest common factor of 34 and 40341?
17
What is the highest common factor of 143 and 78143?
13
Calculate the highest common factor of 3 and 1100.
1
Calculate the highest common factor of 3890 and 16.
2
What is the highest common divisor of 2538 and 42642?
18
Calculate the greatest common divisor of 668302 and 778.
778
Calculate the greatest common divisor of 560 and 66416.
112
What is the greatest common factor of 16571 and 6497?
73
What is the greatest common divisor of 214827 and 12726?
303
Calculate the greatest common factor of 161260 and 20.
20
Calculate the highest common divisor of 95687 and 309.
103
What is the greatest common divisor of 38286 and 864?
54
Calculate the highest common factor of 2193665 and 10.
5
What is the highest common factor of 6526971 and 11?
11
What is the highest common factor of 7601 and 209?
11
What is the greatest common divisor of 56 and 27230?
14
What is the highest common factor of 128 and 5275264?
128
Calculate the greatest common factor of 4260 and 3279.
3
What is the highest common divisor of 210 and 379218?
42
Calculate the greatest common factor of 137902 and 3971.
361
Calculate the greatest common factor of 498 and 380306.
166
Calculate the greatest common factor of 1700 and 157900.
100
What is the highest common factor of 541965 and 30?
15
What is the highest common factor of 6848830 and 30?
10
Calculate the highest common divisor of 411 and 2691.
3
What is the greatest common divisor of 707 and 23432?
101
Calculate the greatest common div